{"id":126,"date":"2025-02-07T21:43:13","date_gmt":"2025-02-07T18:43:13","guid":{"rendered":"https:\/\/saruhannakliyat.com\/?page_id=126"},"modified":"2025-02-07T22:56:48","modified_gmt":"2025-02-07T19:56:48","slug":"antalya-bolu-arasi-nakliyat","status":"publish","type":"page","link":"https:\/\/saruhannakliyat.com\/index.php\/antalya-bolu-arasi-nakliyat\/","title":{"rendered":"Antalya &#8211; Bolu Aras\u0131 Nakliyat"},"content":{"rendered":"<p>Antalya&#8217;dan Bolu&#8217;ya ta\u015f\u0131nmak m\u0131 istiyorsunuz? Saruhan Nakliyat olarak, Antalya ve Bolu aras\u0131ndaki ta\u015f\u0131mac\u0131l\u0131k ihtiya\u00e7lar\u0131n\u0131z\u0131 g\u00fcvenle ve h\u0131zl\u0131 bir \u015fekilde kar\u015f\u0131l\u0131yoruz. E\u015fyalar\u0131n\u0131z\u0131 dikkatle ta\u015f\u0131yor, ta\u015f\u0131nma s\u00fcrecinizi en az stresle tamamlaman\u0131z\u0131 sa\u011fl\u0131yoruz.<\/p>\n<p>Y\u0131llar\u0131n deneyimiyle, her t\u00fcrl\u00fc ta\u015f\u0131nma i\u015fleminizi profesyonelce yap\u0131yoruz. E\u015fyalar\u0131n\u0131z\u0131n g\u00fcvenli\u011fi ve ta\u015f\u0131nma s\u00fcrecinin sorunsuz ge\u00e7mesi bizim \u00f6nceli\u011fimizdir.<\/p>\n<ul>\n<li><strong>H\u0131zl\u0131 ve g\u00fcvenli ta\u015f\u0131ma<\/strong><\/li>\n<li><strong>Deneyimli ve uzman ekip<\/strong><\/li>\n<li><strong>Zaman\u0131nda teslimat<\/strong><\/li>\n<\/ul>\n<p>Antalya&#8217;dan Bolu&#8217;ya ta\u015f\u0131n\u0131rken bizimle ileti\u015fime ge\u00e7in, ta\u015f\u0131nma i\u015flemini kolayca halledelim!<\/p>\n","protected":false},"excerpt":{"rendered":"<p>Antalya&#8217;dan Bolu&#8217;ya ta\u015f\u0131nmak m\u0131 istiyorsunuz? Saruhan Nakliyat olarak, Antalya ve Bolu aras\u0131ndaki ta\u015f\u0131mac\u0131l\u0131k ihtiya\u00e7lar\u0131n\u0131z\u0131 g\u00fcvenle ve h\u0131zl\u0131 bir \u015fekilde kar\u015f\u0131l\u0131yoruz. [&hellip;]<\/p>\n","protected":false},"author":1,"featured_media":0,"parent":0,"menu_order":0,"comment_status":"closed","ping_status":"closed","template":"","meta":{"site-sidebar-layout":"default","site-content-layout":"","ast-site-content-layout":"default","site-content-style":"default","site-sidebar-style":"default","ast-global-header-display":"","ast-banner-title-visibility":"","ast-main-header-display":"","ast-hfb-above-header-display":"","ast-hfb-below-header-display":"","ast-hfb-mobile-header-display":"","site-post-title":"","ast-breadcrumbs-content":"","ast-featured-img":"","footer-sml-layout":"","theme-transparent-header-meta":"default","adv-header-id-meta":"","stick-header-meta":"","header-above-stick-meta":"","header-main-stick-meta":"","header-below-stick-meta":"","astra-migrate-meta-layouts":"set","ast-page-background-enabled":"default","ast-page-background-meta":{"desktop":{"background-color":"var(--ast-global-color-5)","background-image":"","background-repeat":"repeat","background-position":"center center","background-size":"auto","background-attachment":"scroll","background-type":"","background-media":"","overlay-type":"","overlay-color":"","overlay-opacity":"","overlay-gradient":""},"tablet":{"background-color":"","background-image":"","background-repeat":"repeat","background-position":"center center","background-size":"auto","background-attachment":"scroll","background-type":"","background-media":"","overlay-type":"","overlay-color":"","overlay-opacity":"","overlay-gradient":""},"mobile":{"background-color":"","background-image":"","background-repeat":"repeat","background-position":"center center","background-size":"auto","background-attachment":"scroll","background-type":"","background-media":"","overlay-type":"","overlay-color":"","overlay-opacity":"","overlay-gradient":""}},"ast-content-background-meta":{"desktop":{"background-color":"var(--ast-global-color-4)","background-image":"","background-repeat":"repeat","background-position":"center center","background-size":"auto","background-attachment":"scroll","background-type":"","background-media":"","overlay-type":"","overlay-color":"","overlay-opacity":"","overlay-gradient":""},"tablet":{"background-color":"var(--ast-global-color-4)","background-image":"","background-repeat":"repeat","background-position":"center center","background-size":"auto","background-attachment":"scroll","background-type":"","background-media":"","overlay-type":"","overlay-color":"","overlay-opacity":"","overlay-gradient":""},"mobile":{"background-color":"var(--ast-global-color-4)","background-image":"","background-repeat":"repeat","background-position":"center center","background-size":"auto","background-attachment":"scroll","background-type":"","background-media":"","overlay-type":"","overlay-color":"","overlay-opacity":"","overlay-gradient":""}},"footnotes":""},"class_list":["post-126","page","type-page","status-publish","hentry"],"_links":{"self":[{"href":"https:\/\/saruhannakliyat.com\/index.php\/wp-json\/wp\/v2\/pages\/126","targetHints":{"allow":["GET"]}}],"collection":[{"href":"https:\/\/saruhannakliyat.com\/index.php\/wp-json\/wp\/v2\/pages"}],"about":[{"href":"https:\/\/saruhannakliyat.com\/index.php\/wp-json\/wp\/v2\/types\/page"}],"author":[{"embeddable":true,"href":"https:\/\/saruhannakliyat.com\/index.php\/wp-json\/wp\/v2\/users\/1"}],"replies":[{"embeddable":true,"href":"https:\/\/saruhannakliyat.com\/index.php\/wp-json\/wp\/v2\/comments?post=126"}],"version-history":[{"count":2,"href":"https:\/\/saruhannakliyat.com\/index.php\/wp-json\/wp\/v2\/pages\/126\/revisions"}],"predecessor-version":[{"id":177,"href":"https:\/\/saruhannakliyat.com\/index.php\/wp-json\/wp\/v2\/pages\/126\/revisions\/177"}],"wp:attachment":[{"href":"https:\/\/saruhannakliyat.com\/index.php\/wp-json\/wp\/v2\/media?parent=126"}],"curies":[{"name":"wp","href":"https:\/\/api.w.org\/{rel}","templated":true}]}}